= -2*s**3 - 2*s**2 - 2*s - 10279. Let c(w) = -i(w) + 3*r(w). Is c(0) a composite number?
True
Let q(t) = -33*t**3 - 9*t**2 + 12*t + 1. Let x(m) = -16*m**3 - 4*m**2 + 6*m. Let h(k) = 3*q(k) - 7*x(k). Let j be (-87)/(-15) + ((-45)/25 - -1). Is h(j) prime?
False
Let c = -2653 + 1712. Let y = 10 - c. Is y prime?
False
Suppose 29*k = 101*k - 8656776. Is k a prime number?
True
Suppose -11 = -4*l - 31. Let z be 180 - (-5)/(0 + l). Suppose -r + 4*v + z = 0, 3*r - 2*v = 3*v + 558. Is r a composite number?
False
Let z(y) = 2825*y + 2786. Is z(55) prime?
True
Let l(i) = i**3 - 10*i**2 - 48*i + 294. Is l(19) a composite number?
True
Suppose -280*r + 283*r = 17034. Is r + 1*2*11/(-22) prime?
False
Let o be 4 + (-3)/((-6)/(-4)). Let p(q) = 485*q - 9. Let c(r) = 1458*r - 29. Let u(m) = -2*c(m) + 7*p(m). Is u(o) prime?
True
Suppose 2 = 3*h + 4*d + 10, -h - 6 = 3*d. Suppose 25135 = 5*r - 0*a - a, 3*r + 2*a - 15081 = h. Is r a prime number?
False
Let v = -42646 + 124155. Is v a composite number?
False
Let p = 60 + -57. Suppose 7894 = p*a - 5*f + 1235, -a + f = -2223. Suppose 12*n - a = 1288. Is n composite?
False
Let s(v) be the first derivative of 3/2*v**2 + 1/3*v**3 - 43/4*v**4 - 3*v + 1. Is s(-2) prime?
False
Let d(j) = j + 5. Let b be d(-10). Let r be b + 2 - -1 - 173. Let w = 78 - r. Is w prime?
False
Let i(c) = -62*c + 5. Let k = -41 - -13. Let h = 19 + k. Is i(h) prime?
True
Let q be (4 - 0)*1 - (8 + -5). Let c be 1053 + 0 + -1*3/q. Let t = 209 + c. Is t composite?
False
Suppose -85*z - 102*z + 115260 = -4414441. Is z prime?
True
Is ((-3)/((-3)/2) - 6)/(8/(-81908)) composite?
True
Suppose -22*k - 11*k = -42688 - 3292853. Is k composite?
True
Let d = 58 - 133. Let l be 2/10 - 135/d. Suppose -p + 2509 = p - 3*i, -3*p + l*i + 3771 = 0. Is p prime?
True
Let x = 165953 + -59032. Is x a prime number?
True
Suppose -21 = 3*i - 90. Let g = i - 27. Is 304/40*(-190)/g composite?
True
Suppose 11412 - 1242 = 2*w - 3*l, 0 = -2*w - 2*l + 10150. Is w a composite number?
True
Let b = -39 + 41. Suppose 7*d - 2*d + 10189 = 4*o, 4*o = -b*d + 10210. Is o prime?
True
Suppose a - 252664 = c, 0*a + 505340 = 2*a + 2*c. Is a a composite number?
False
Suppose 5*h - 9415 = 5*t, 4*t + t - 1865 = -h. Suppose -3584 = -8*x + h. Is x composite?
False
Let z(x) = x**2 + 3*x - 2. Let c be z(-3). Let s(l) = -3141*l. Let u be s(c). Suppose -4*t + u = -11282. Is t a prime number?
True
Let g = 307 + -305. Suppose p + 0*p + 18438 = g*i, -2*i - 5*p = -18462. Is i composite?
False
Suppose -12*t - 19241871 = -407*t - 4226736. Is t a prime number?
False
Let x(t) = t**2 - 15*t + 1. Let u(a) = -3*a**2 + 44*a - 3. Let h(o) = -4*u(o) - 11*x(o). Let f be h(10). Is (f - -11)*326/4 a prime number?
True
Suppose 30*z - 31670 = 5*g + 25*z, -3*z - 12 = 0. Let q = g + 10585. Is q prime?
False
Suppose -2177725 = -4*l - 51*l. Is l prime?
False
Let p(x) = -42*x**3 + 8*x**2 + 12*x + 5. Let a(k) be the third derivative of k**4/24 + 19*k**3/6 + 20*k**2. Let d be a(-23). Is p(d) a composite number?
True
Suppose 7*o + 4*v - 970847 = 0, 37*v = -2*o + 39*v + 277366. Is o composite?
True
Let i = 182 - 22. Suppose 0 = -13*u + 1239 - i. Is u prime?
True
Let t = 4037 - -751. Let i = 15875 + t. Is i prime?
True
Suppose -4*o - 134 = -142. Suppose 4*w - 9*w = -5*z + 5680, -o*w = 4*z - 4574. Is z composite?
True
Suppose 49*n - 56*n = -70. Let s(b) = 2*b**3 - 17*b**2 - 27*b - 4. Is s(n) prime?
False
Suppose -2*z = 3*a - 0*a - 1274, 4*a + 3208 = 5*z. Let n = -406 + z. Suppose -5*p + 556 = -n. Is p composite?
True
Let h(b) = 12574*b**2 + 129*b - 981. Is h(8) composite?
True
Let g(r) = 4*r + 37. Let h be g(-19). Let a = h - -622. Is a a composite number?
True
Suppose -2*f + 2*j + 12228 = 0, j = -36 + 35. Is f composite?
False
Suppose 5*p - 16 = 2*m, 0 = -3*m - p + 4*p - 15. Let o(f) = f**3 + 6*f**2 + 4*f - 8. Let j be o(m). Is 4751/j + (-14)/(-49) a prime number?
False
Let x = -1218570 - -1744279. Is x a composite number?
False
Let l(c) = 6*c**2 + 0*c - 26*c**3 + 20 - 3*c + 27*c**3. Let t be l(-7). Is t/20 + 2121/15 a prime number?
False
Let j = -30673 - -17477. Let k = -3859 - j. Is k a prime number?
True
Suppose 119*p - 5*y + 17037 = 121*p, -3*p - y = -25536. Is p composite?
True
Suppose -26 = -15*q + 4. Suppose 0 = -2*d + 10, 0 = q*b + 5*d - 8*d - 26419. Is b composite?
False
Let k = -208 - -224. Let s be (-1538)/4*(2 + -4). Let t = s + k. Is t prime?
False
Let x(h) be the first derivative of h**4/4 - h**3/3 + h**2/2 + 562*h - 16. Let p be x(0). Let u = 1473 - p. Is u a prime number?
True
Let m = -82119 + 156150. Is m a prime number?
False
Let t = -68 + 39. Let v = t - -32. Suppose -3*w + 4*d + 727 = 0, 4*d + 490 = -v*w + 5*w. Is w a composite number?
True
Let k(y) = 16*y + 4. Let v = 25 + -27. Let r be k(v). Is (-315)/(-2) + 14/r prime?
True
Suppose -3*j = -0*c + 3*c - 244374, -2*c + j = -162913. Is c composite?
False
Suppose 10*p + 42*p - 2438779 - 957913 = 0. Is p a prime number?
False
Let l = -193 + 213. Suppose l*u = 12*u + 13096. Is u a prime number?
True
Suppose a - 228784 - 116530 = -3*r, 4*r + 1726513 = 5*a. Is a prime?
False
Let j be 24778 - (-1 + 9/3 - 7). Suppose 0 = -7*k + 6080 + j. Is k a prime number?
True
Let c(n) = -28*n**3 + 18*n**2 - 34*n - 149. Is c(-9) a prime number?
True
Suppose -d - 20 = -5*q, 4*q - d = 2*d + 27. Suppose j - 6*m - 1944 = -m, q*j + 3*m = 5850. Is j composite?
False
Let p(u) = 1741*u + 990. Is p(23) a composite number?
True
Suppose -161083 - 72839 = -8*i - 39674. Is i composite?
False
Let h = 80180 - -280137. Is h a prime number?
True
Suppose -22*r + 7827014 = 4*r. Is r prime?
True
Let u(l) = -377*l - 4172. Is u(-45) a prime number?
False
Let o be (4/6)/(34/94656). Let f = o - 1277. Is f composite?
True
Is 4/16*41254*(-22 - -28) prime?
False
Let q(o) = 16*o**2 + 61*o**2 + 231*o**2 - 23*o**2 - 3*o. Let i be q(3). Suppose -5719 - i = -5*f. Is f composite?
True
Suppose 14*l + 3*n = 10*l + 5, -5*n + 20 = -5*l. Is (89760/(-3))/l - 3 a prime number?
True
Let v = 3089 + -4414. Let u(w) = 280*w**3 - 2*w**2 - 2. Let p be u(2). Let i = v + p. Is i a prime number?
False
Suppose 63*h = 64*h - 3*y - 50305, -h + 50323 = -6*y. Is h a prime number?
True
Let x be 2 - 3 - 179/1. Suppose 2*y + 43 = 9. Let c = y - x. Is c a prime number?
True
Let a(k) = -300*k - 110*k + 158 - 106*k + 63*k. Is a(-13) prime?
True
Let n = 2832 - 60. Let x = n + -1544. Is x/(-3)*(-21)/14 composite?
True
Let z(x) = -x**2 + 18*x + 3. Let u be ((-1)/(-2)*1 + 4)*4. Let w be z(u). Is (-1574)/w*21/(-14) composite?
False
Let p be 5 + (-1)/((-1)/(-9)). Is 52/p*(3 - 400) composite?
True
Suppose -167*t = 141*t + 1104960 - 10578116. Is t a composite number?
False
Let v(d) = -3669*d**2 + 3*d - 5. Let i be v(1). Let z = 9510 + i. Is z prime?
True
Is -5*(0 - -1)*((-1665)/(-37) - 4502) a prime number?
False
Let o(z) = -6*z + 37. Let a be o(5). Suppose 5*t - 6*t = -5*m + a, -2*t + 6 = 0. Suppose -m*l - 4*y = -1922, -5*l + 1741 = y - 3091. Is l a prime number?
True
Suppose d = -c + 16 - 1, 3 = -d + 5*c. Suppose 16*s = d*s - 12. Is (s - 10/(-5))*521*-1 a composite number?
False
Suppose -5*m + 6 = 4*g - 6*m, 0 = 4*g + m - 2. Let f(w) = 4690*w**3 + 3*w - 2. Is f(g) prime?
True
Suppose m - 2397 = 5*x, -8*x + 6*x = 2*m - 4746. Let u(i) = 4*i**3 + 8*i**2 - 9*i. Let z be u(10). Let s = z - m. Is s prime?
True
Let z(h) = 14*h - 252. Let g be z(-6). Is 60644/7 - (-144)/g prime?
True
Let p be (-6)/(-54)*47 - (-4)/(-18). Suppose p*y - 235 = -5*x, 4*y - 5*x = 5*y - 51. Is y a composite number?
True
Let q be 4 + 2 + 6/(-2). Suppose 3*z = -10*g + 9*g + 2798, -z = -q*g + 8424. Is g a prime number?
False
Let f(l) = 324591*l**2 + 5*l + 3. Is f(-2) a composite number?
False
Let y be (-24)/6*(-4)/8. Let g(f) = -f**2 - 3*f. Let l be g(-3). Suppose -3*j = -p - 608, -j - 5*p + y*p + 206 = l. Is j a composite number?
True
Let i = 112059 - 57274. Is i a prime number?
False
Let i(v) = -5*v - 5. Let q be i(-3). Let z(l) = l**2 - 11*l + 14. Let x be z(q). Is ((-2)/1)/(x/(-758)) prime?
True
Let c(n) = n**3 + n**2 + 8*n - 13. Let x be 3*8/(-12) - 28/(-4). Suppose -4*w + 4*m + 20 = 0, -3*w + 9 = -x*m - 4. Is c(w) a composite number?
True
Suppose 72*m = 60*m + 701628. Is m composite?
True
Let v(d) = d. Suppose -4*s - 8 + 38 = -2*i, -30 = -3*s + 4*i. Let a be v(s). Let m(g)